 = g - w. List the prime factors of m.
2
Suppose 13 = 2*n + 5*h, 0 = -2*n + 7*h - 2*h + 3. Suppose v - 284 = -n*g, -192 = -3*g - 3*v + 30. List the prime factors of g.
2, 5, 7
Let q(y) = y - 20. Let g be q(23). What are the prime factors of 33/g + -2*(-1 - -2)?
3
Let g(z) = -z**2 + 7*z + 3. Let b be g(7). Suppose -b*m + 22 + 50 = 0. List the prime factors of m.
2, 3
List the prime factors of (-344)/602 - (-2 + (-7480)/7).
2, 5, 107
Let k = 159 + 0. List the prime factors of k.
3, 53
Let a(i) = -2*i**2 + 12*i - 38. Let g be a(9). Let z = -5 - g. What are the prime factors of z?
3, 29
Suppose -2*w - 4 = -10. Let b(y) = -10 - 2*y**3 - 8 + 15*y**2 + 4 + 19*y + y**w. What are the prime factors of b(16)?
2, 17
Suppose -4*q + 7087 = 2775. List the prime factors of q.
2, 7, 11
Let p(y) = y**2 + 9*y + 5. Let x be p(-9). Suppose -z + 22 = -x*f - 10, 4*z - 83 = 5*f. Suppose -2*l - z = -67. What are the prime factors of l?
5
List the prime factors of 3387 - (-12 - (-200)/10).
31, 109
Let l(c) = 228*c - 369. List the prime factors of l(7).
3, 409
Let k(v) = -v**3 - 7*v**2 - 6*v + 3. Let q be k(-6). Let l(f) = q*f - 17 + 0*f + 3*f. List the prime factors of l(5).
13
What are the prime factors of (-14)/((-7)/2289*6)?
7, 109
Suppose -4 = -o - 0. Suppose -t = -o*h - 3*t + 52, -4*h - t = -48. Let n = -8 + h. List the prime factors of n.
3
Let d = 165 - 96. Let o = d + -27. Suppose p - o = -2*p. What are the prime factors of p?
2, 7
Let s = 16 - 17. What are the prime factors of 57/3 - (-1)/s?
2, 3
Suppose v = 3*p - 18, -3*p = -5*v + p - 112. What are the prime factors of (-70)/(-3)*v/(-16)?
5, 7
Let o be 1 - 0 - (-186 + 3). Let a be (-2)/11 + o/44. Suppose -4*f + 18 + 10 = a*g, 2*f = g + 14. List the prime factors of f.
7
Let z = 19 + -14. Suppose o + 2 = 0, z*b + o = 6*o + 730. Suppose -6*i + i - 4*f + 136 = 0, 0 = -5*i + 4*f + b. List the prime factors of i.
2, 7
Let d = 31 - 40. Let y(w) = -11*w - 3. What are the prime factors of y(d)?
2, 3
Let f be ((-12)/10)/(12/(-200)). Let w be (28/f - 1)*10. Suppose 2*y - 2*t = 16 - 6, -w*t = 3*y - 1. What are the prime factors of y?
3
Let m = 8 + -39. Let x = m + 29. What are the prime factors of 6/(x/1) + 34?
31
Let p(y) = 10*y**3 + 15*y**2 - 6*y + 4. List the prime factors of p(5).
3, 13, 41
Let f = -15 - -59. Suppose 77 = -9*a - 2*a. Let u = a + f. List the prime factors of u.
37
Let u = -7 + 9. Suppose -i = n + 3*n + 15, 25 = u*i - 3*n. Suppose -2*d = -i*d + 51. What are the prime factors of d?
17
Let t be 12/(-42) - 103/7. Let j = t - -36. List the prime factors of j.
3, 7
Let o be (-2836)/(-36) - (-2)/9. Suppose -o = -3*j + 11. List the prime factors of j.
2, 3, 5
Suppose 0 = -26*m + 40*m - 11494. What are the prime factors of m?
821
Let i(g) = 70*g**2 + 3*g - 1. Let t be i(1). Suppose -4*q = -0*q - t. What are the prime factors of q?
2, 3
Suppose 28645 - 94513 = -33*n. What are the prime factors of n?
2, 499
Let q(l) = l. Let u be (-1)/4 + 9/4. Let o be q(u). Suppose -6*m = -m - 3*w - 75, -w = -o*m + 30. What are the prime factors of m?
3, 5
Let d be (-3)/(-3) + (2 - 3). Let k(v) = 2*v**2 - 2 + 7*v**2 + 3*v + d*v - 4*v. What are the prime factors of k(-2)?
2, 3
Let q = 4642 + -1838. List the prime factors of q.
2, 701
Let g(s) = s**3 + 7*s**2 - 13*s - 3. Suppose 3*m + 21 = -w, 2*m + 5*w + 6 = -8. What are the prime factors of g(m)?
2, 11
Let j be (-8)/12 + 196/(-3). Let t = 100 + j. Let a = t - -7. List the prime factors of a.
41
Let y = 333 - 181. Suppose -y*g + 156*g - 8 = 0. What are the prime factors of g?
2
List the prime factors of (-120)/(-16)*954/5.
3, 53
Suppose -5*o = -2*b + 8, 10*b - 20 = o + 5*b. Suppose -724 = -4*x - v, o*x + 2*v = 4*x - 736. List the prime factors of x.
2, 7, 13
Let z be 6/4*(-64)/(-48). Let b be 1/((-1)/(-2)) + 0. Suppose 52 = -3*p + 5*p + 4*q, -b*q + 52 = z*p. List the prime factors of p.
2, 13
Let r be 2/((-20)/(-12) + -1). Suppose -1 = -2*h + r. Suppose -11 = -h*m + 11. List the prime factors of m.
11
Suppose -5*f = -3*f + 8, -4*f = -i + 20. Suppose 3*n = -2*g + 5*n + i, 4*g + 2*n + 10 = 0. What are the prime factors of (34 - g)*6/10?
3, 7
Suppose 20 = 14*t - 10*t. Suppose -23 - 16 = -a - t*c, -c = -a + 33. List the prime factors of a.
2, 17
Let d(x) = x**3 - 11*x**2 - 11*x - 10. Let c be d(12). Suppose 0 = -c*a + 9*a - 35. Suppose 0 = a*h - 8*h + 183. List the prime factors of h.
61
Let c = -3257 - -6416. List the prime factors of c.
3, 13
Let n = 34 - 22. Suppose n + 20 = 4*r. Suppose r = 5*p - p. What are the prime factors of p?
2
Let t(r) = -r**2 - 9*r + 3. Let d be t(-9). Suppose 2*o - 240 = -d*o. Let k = o - 7. List the prime factors of k.
41
Suppose 6 + 0 = 2*x. Let a(h) = 3*h + 7*h**2 + 4*h**x - 6*h**2 + 6*h**2 - 5*h**3 - 4. List the prime factors of a(7).
17
Let f(d) = d**2 - 11*d + 3. Let k be f(11). Suppose 405 - 81 = k*t. Suppose 3*p + t = 7*p. What are the prime factors of p?
3
Suppose 5*o = -1484 + 4124. List the prime factors of o.
2, 3, 11
Let l(r) = 3 - 13 + 11*r + 4*r**2 + 2*r**2 - 5*r**2. Let s be l(-12). Suppose 149 = 5*w + s*f, 0 = -4*w + f - 0*f + 127. List the prime factors of w.
31
Let z(g) = -g**2 + 7*g - 24. Let p be z(3). What are the prime factors of (-7)/(28/p) + 183?
2, 3, 31
Let u(d) = -2*d + 11. What are the prime factors of u(-1)?
13
Suppose -6 = -v + 2. Let m be (4/v)/(3/(-774)). Let b = -88 - m. List the prime factors of b.
41
Let o(x) = x + 18. Let t be o(-9). Suppose -t*i = -10*i. Suppose i = -v + 23 - 4. List the prime factors of v.
19
Let w(m) = -31*m - 184. What are the prime factors of w(-16)?
2, 3, 13
Suppose 3*x - 3*t - 6481 - 6677 = 0, -2*x = 2*t - 8780. What are the prime factors of x?
2, 1097
Let p(h) = -2*h**2 + 42*h + 2. Suppose u + j = 6*j + 8, -78 = -4*u - 3*j. List the prime factors of p(u).
2, 5, 11
Suppose 7*b - 25 = 2*b. Suppose -133 - 27 = -4*q - b*k, 0 = -3*q - 4*k + 121. What are the prime factors of q?
5, 7
Suppose 3*b - 4*k - 4747 = 0, 4*k + 5173 - 2007 = 2*b. Let v be b/9 - (-4)/12. Suppose -v = -10*m + 6*m. List the prime factors of m.
2, 11
Suppose 5*c + 8*h - 860 = 5*h, 3*c - 516 = 3*h. List the prime factors of c.
2, 43
Suppose -d + 7 = 3*f - 2, 2*f = 2*d - 2. Suppose y = 4*w + 16, -5*y - 4*w = -f*w - 36. List the prime factors of 6/y + 627/12.
53
Let g(i) = -4*i**3 + 5*i**2 + 5*i. Let z be g(-4). Suppose 13*q - z = 9*q. List the prime factors of q.
79
Let t(r) = 69*r**2 - 85*r - 561. What are the prime factors of t(-7)?
5, 683
Let m = -4 + 4. Suppose -f - f - 4*p + 298 = m, -3*f + 474 = -3*p. Suppose 0 = -t - 4*t + f. List the prime factors of t.
31
Let n(p) = -3*p - 22. Let v be n(-12). Suppose -6*f + v*f = 584. List the prime factors of f.
73
Suppose -232 - 593 = -l. List the prime factors of l.
3, 5, 11
Let t = 1386 - 888. List the prime factors of t.
2, 3, 83
Let d(i) = 29*i - 11. Let b be 15 + -11 + (5 - (0 - -1)). What are the prime factors of d(b)?
13, 17
Let o = 61 - 52. Suppose o*r + 33 = 744. List the prime factors of r.
79
Let s(h) = h**3 - 3*h**2 + 3*h. Let o be (-1)/(1*1/(-4)). Let m be s(o). Suppose -g = g - m. What are the prime factors of g?
2, 7
Suppose 2*s = 4, -4*j - 2*s + 6*s + 1724 = 0. List the prime factors of j.
433
Suppose -799*g - 8074 = -810*g. What are the prime factors of g?
2, 367
Let p(i) = 4*i + 6. Suppose -10 = -v + 10. Let f be (v/(-8))/((-1)/4). What are the prime factors of p(f)?
2, 23
Let c(m) = 9*m**3 + 7*m**2 - 21*m + 12. List the prime factors of c(5).
17, 71
What are the prime factors of (-63)/2*(5 - (-131)/(-7))?
2, 3
Suppose 4 = -5*v - 6. Let h(d) = -4*d**3 + 4*d**2 + 5*d + 5. List the prime factors of h(v).
43
Let c = 8 - 5. Suppose -2*s = 3*k + 8, c*k - 4*s - 16 = -k. Let q = k - -11. List the prime factors of q.
11
What are the prime factors of (10*(-57)/(-7))/((-15)/(-70))?
2, 5, 19
Suppose 2*m - 154 = -o, -30*o + 4*m = -35*o + 776. List the prime factors of o.
2, 3, 13
Suppose 0 = g - 2*g + 274. What are the prime factors of g?
2, 137
Let u = 7 - -11. Let b = u + -17. Suppose -4*p - 1 - 7 = 4*z, -2*p - z + b = 0. What are the prime factors of p?
3
Let f = 34 + -105. Let q = 109 + f. What are the prime factors of q?
2, 19
Suppose -20 + 23 = -3*x. List the prime factors of 256*(x/(-2) - 0).
2
Suppose 0 = -3*t - 15, 0 = 2*q - 7*q - 2*t + 5. Let u be (-1)/3*60/(-10)